se -a + 19 - 10 = 0. List the prime factors of i(a).
2, 3
What are the prime factors of 44/(-110) + 10097/5?
3, 673
Let f(z) = z**3 + 12*z**2 + 8*z - 14. Let h be f(-10). Suppose 0 = -2*n + 46 + h. What are the prime factors of n?
2, 19
Let x(q) = 9*q**2 - 17*q - 12. List the prime factors of x(8).
2, 107
Let v(c) = c**2 - 4*c - 3. Let k be v(5). Suppose 4*g = s + 47, -3*g - s = k*s - 24. What are the prime factors of g?
11
Let m = 519 - 324. Suppose 7*w + 13 = m. List the prime factors of w.
2, 13
Let x = -87 + 125. Suppose p - x = -p. Suppose -209 + p = -5*m. List the prime factors of m.
2, 19
Let y be (-3)/(-9) + 14/(-42). Suppose 4*z - 998 + 330 = y. List the prime factors of z.
167
Let c(y) = 3*y**2 + 2*y + 1. Suppose 0 + 7 = -7*d. Let w be c(d). Suppose 0 = -w*j + 4*x + 40, -x + 17 = -2*j + 60. What are the prime factors of j?
2, 11
Let f be (-30)/(-3 + 93/32). Suppose -14*r + f = -6*r. List the prime factors of r.
2, 5
Let f = -34 - -53. Suppose 0 = 25*d - f*d - 786. What are the prime factors of d?
131
Suppose 2*y = 4*p - 16, 9 = 3*p - 3. Suppose 10*k - 442 - 648 = y. What are the prime factors of k?
109
Let w(y) = 4*y**3 + 5*y**2 - 20*y + 2. What are the prime factors of w(7)?
3, 17, 29
Let i(u) = -u**2 + 23*u + 84. What are the prime factors of i(20)?
2, 3
Suppose -8*v + 3*v + 14 = 3*a, 0 = 4*v - 3*a + 5. Let n = 6 + v. Suppose 6*l = n*l - 22. What are the prime factors of l?
2, 11
Suppose -9*v - 11802 = -23*v. List the prime factors of v.
3, 281
What are the prime factors of 5*-399*8/(-60)?
2, 7, 19
List the prime factors of 1/(3756/(-752) + 5) - 5.
3, 61
Let r = 4286 + -2650. List the prime factors of r.
2, 409
Let b = -141 - -189. Let o = 324 - b. What are the prime factors of o?
2, 3, 23
Suppose -5*y - 3 = 4*j + 8, 41 = -4*j + y. Let n be 198/15 - 8/(-10). Let m = j + n. What are the prime factors of m?
5
Let d(u) = 565*u**2 + u - 3. What are the prime factors of d(1)?
563
Suppose -2*t - m + 16 = 2*m, -4*m + 10 = -3*t. Suppose 0 = -t*a + 4, 4*a + 336 = 2*y + 3*a. What are the prime factors of y?
13
Suppose -3*l - 56 = -7*l. Suppose 0 = 4*v - g - l + 103, v = 4*g - 41. Let u = 56 + v. What are the prime factors of u?
5, 7
Suppose -3*k - 1 = 4*f + 36, 0 = 5*f + 2*k + 41. Let a be 16/6*(4 + f). List the prime factors of a*(-3 + -3)/3.
2
Let h = -11 - -35. Suppose 3*i = 5*i + h. List the prime factors of (-4)/3 - 88/i.
2, 3
Let o(s) be the second derivative of 1/12*s**4 + 0*s**3 + 0 + 3*s - 2*s**2. What are the prime factors of o(-4)?
2, 3
Let g = -21 - -188. List the prime factors of g.
167
Let y(i) = i**2 - 2*i - 1. Suppose 2*o = -3*o - 5. Let g be y(o). Suppose 3*w + 2*w - 92 = -2*t, -3*t + 28 = g*w. What are the prime factors of w?
2, 5
Suppose -2*z + 0*z = 0, -z = -3*g + 12. Let s be g/14 - 262/(-14). Suppose d = f - 8, 2*d - s - 25 = -3*f. What are the prime factors of f?
2, 3
Let q(t) = 2*t**3 - 5*t**2 - 9*t - 9. List the prime factors of q(8).
7, 89
Let q(f) = 34*f**2 + f + 4. Let h be q(-4). Let t be (h/40)/(4/10). Let x = t - 11. What are the prime factors of x?
23
Suppose q - 232 = 3*q. Let l be (4 - (-297)/(-12))/((-8)/64). Let j = l + q. What are the prime factors of j?
2, 5
Let v = 196 - 32. Suppose 0 = -4*t + 2*p + 124, 5*t + p + p - v = 0. List the prime factors of t.
2
Let x(w) = w**2 - w - 9. Let t be x(4). Suppose 4*z - 64 = 5*h + 88, -t*z + h = -114. What are the prime factors of z?
2, 19
Let z(t) = t + 9. Let m be z(-7). Suppose -3*i - 5*c = m*i + 10, 12 = -4*i - 2*c. List the prime factors of i/10 + (-736)/(-40).
2, 3
Let j(g) = g + 7. Let v be j(-3). Let d(r) = 4*r**2 - r**3 + 0*r**3 + 5*r + r - 1. What are the prime factors of d(v)?
23
Let j be (-4)/(-6) - (-28)/21. Suppose 33 = 5*z + o, -2*o = -z + 2*o - 6. Suppose c - z = -c, j*i = -3*c + 35. What are the prime factors of i?
13
Let h = 131 + -207. Let m = h - -130. Suppose 2*c - m = 2*b, -6*c + c = -3*b - 141. List the prime factors of c.
2, 3, 5
Let q(z) = z**2 + 3*z - 27. Let a be q(-7). List the prime factors of 75 - (17/(-34))/(a/4).
7, 11
Let d = 1294 - 752. List the prime factors of d.
2, 271
Suppose -25 = -3*k + 2*n, -7 = 2*k - 5*n - 31. Suppose 3*s + 228 = k*s. What are the prime factors of s?
3, 19
Suppose -5*r + 62 - 440 = 4*h, -r + 390 = -4*h. Let i = h - -155. List the prime factors of i.
2, 29
Suppose 0 = -2*l - 4, b - 5*l + 5 = 43. Let v(c) = c**3 - c**2 - c + 6. Let d be v(-2). What are the prime factors of 972/b + d/(-14)?
5, 7
What are the prime factors of (-65)/(15/9*6/(-60))?
2, 3, 5, 13
Suppose -127218 = -112*a + 70*a. What are the prime factors of a?
13, 233
Suppose -2 = 5*c + 3*h - 4*h, -3*h + 6 = 3*c. Suppose -l + 4 + 62 = c. List the prime factors of l.
2, 3, 11
What are the prime factors of (-1966)/(-6)*9 - -10?
11, 269
Let x(p) be the third derivative of p**6/120 - p**5/10 - 7*p**4/24 - p**3/6 + 8*p**2. List the prime factors of x(8).
71
Suppose 6 = -2*y, 3*y + 11 = 3*l + 35. What are the prime factors of (-2)/(-11) + (-570)/l?
2, 13
Let y = 102 - 50. Let b = y - -26. List the prime factors of b.
2, 3, 13
Let f(k) be the first derivative of k**4/4 + 3*k**3 + 4*k**2 - 3*k - 1. Let x be f(-8). List the prime factors of (1/x)/(8/(-72)).
3
Let u = -32 - -34. Suppose -u*n - 3*n = -580. What are the prime factors of n?
2, 29
Suppose -3*v - 1 = 2. Suppose 0 = -4*p + 25 + 7. Let l = v + p. What are the prime factors of l?
7
Suppose 16*n - 15*n = 716. Suppose 6*z = 4*z + 4*q + 366, -4*z + n = -4*q. What are the prime factors of z?
5, 7
Let p be (0 - -1)/((-9)/(-810)). Suppose -3*s + 4*v + 36 + p = 0, 4*v - 64 = -2*s. What are the prime factors of s?
2, 19
Let t = -5 - -11. Let m be -4 + t + 32/(-2). Let q = m + 28. List the prime factors of q.
2, 7
Let u = -1670 - -4278. What are the prime factors of u?
2, 163
Let m = 1 - -6. Let k(y) = y**2 - 6*y - 3. Let q be k(m). Suppose -124 = -q*b - 0*b. What are the prime factors of b?
31
Let c = 1 + 3. Suppose 2*w = -y, 6*w - 2*w = -c. Suppose 0 = y*u - 4*u + 24. List the prime factors of u.
2, 3
Suppose 0 = -3*v + 3*k + 90, 4*v + 4*k = 72 + 72. Suppose 3*t + 0 - v = 0. Suppose -12*z = -t*z - 18. What are the prime factors of z?
2, 3
Let r(x) = 3*x**2 + 5*x + 2. Let o be r(-3). Let f = o + -8. What are the prime factors of -3*4/f - -27?
5
Let h(a) = 5*a - 15. Let j be h(7). Suppose 4*b - 247 = -5*y, -y + 37 = -3*b - j. Suppose -3*s - 243 = -4*l, l - 2*s = 2*s + y. List the prime factors of l.
3, 7
Let d = 1894 - 875. List the prime factors of d.
1019
Let y = -18 - -43. Suppose 0 = -y*h + 20*h + 360. List the prime factors of h.
2, 3
Suppose r = -2*r + 108. Let h = r + 45. Let i = h - 48. List the prime factors of i.
3, 11
What are the prime factors of (-24)/4*(3 + 1336/(-6))?
2, 659
Let z(h) = -9*h**3 - 4*h**2 - 11*h + 2. What are the prime factors of z(-4)?
2, 3, 31
Let l(v) = 9 + 2*v - 3*v - 11. Let b be l(-1). List the prime factors of (7/7)/(b/(-10)).
2, 5
Let d(b) = -b - 9. Let a(w) = w + 10. Let u(g) = -4*a(g) - 5*d(g). Let f be u(0). Suppose f*o - 6*o + 32 = 0. What are the prime factors of o?
2
Let r be (-8 - -98)/((-3)/(-4)). Suppose 5*t + j + r - 314 = 0, 2*t + 3*j - 75 = 0. List the prime factors of t.
3, 13
Suppose 72*f - 61488 = 11*f. What are the prime factors of f?
2, 3, 7
Let d = 10 + -19. Let n be 2*(-3)/d*3. List the prime factors of (n/(-5))/((-3)/15).
2
Suppose -106 = -19*t - 30. Suppose 2*h + 0*b = t*b + 356, -534 = -3*h + 5*b. List the prime factors of h.
2, 89
Let h be (-133)/(4/(-4)) + 0. Suppose -2*t = -480 + 104. Let q = t - h. List the prime factors of q.
5, 11
Let j = 1263 + -527. Suppose -3*v - 163 + j = 0. List the prime factors of v.
191
Let k = -621 - -2006. What are the prime factors of k?
5, 277
Suppose -i + 6*i = 40. Let r = i + 55. List the prime factors of r.
3, 7
What are the prime factors of ((-4)/6)/(4/(-19944)*4)?
3, 277
Suppose -4*v + 4*x = -v - 515, 0 = v + 4*x - 145. List the prime factors of 258*(v/210 - (-4)/(-14)).
3, 43
Let b(c) = 103*c**2 + c**3 + 21 - 3*c - 106*c**2 + 4*c. What are the prime factors of b(5)?
2, 19
Suppose -20 = 2*r - 4*o, -2*r = -0*r + 4*o - 20. Let a = 5 + r. Suppose -a*u - 85 = -235. List the prime factors of u.
2, 3, 5
Let d be (30/(-9))/(-5)*(-99)/(-6). Let w(z) = 2*z**2 - 17*z + 20. List the prime factors of w(d).
3, 5
Let o